{"id":86,"date":"2019-11-30T09:37:16","date_gmt":"2019-11-30T09:37:16","guid":{"rendered":"http:\/\/atelier-pizza.fr\/?page_id=86"},"modified":"2023-04-16T09:08:42","modified_gmt":"2023-04-16T09:08:42","slug":"contact","status":"publish","type":"page","link":"http:\/\/atelier-pizza.fr\/index.php\/contact\/","title":{"rendered":"Contact"},"content":{"rendered":"\t\t<div data-elementor-type=\"wp-page\" data-elementor-id=\"86\" class=\"elementor elementor-86\" data-elementor-settings=\"[]\">\n\t\t\t\t\t\t<div class=\"elementor-inner\">\n\t\t\t\t\t\t\t<div class=\"elementor-section-wrap\">\n\t\t\t\t\t\t\t<section class=\"elementor-section elementor-top-section elementor-element elementor-element-8c2c053 elementor-section-boxed elementor-section-height-default elementor-section-height-default\" data-id=\"8c2c053\" data-element_type=\"section\">\n\t\t\t\t\t\t<div class=\"elementor-container elementor-column-gap-default\">\n\t\t\t\t\t\t\t<div class=\"elementor-row\">\n\t\t\t\t\t<div class=\"elementor-column elementor-col-100 elementor-top-column elementor-element elementor-element-e0800c4\" data-id=\"e0800c4\" data-element_type=\"column\">\n\t\t\t<div class=\"elementor-column-wrap elementor-element-populated\">\n\t\t\t\t\t\t\t<div class=\"elementor-widget-wrap\">\n\t\t\t\t\t\t<div class=\"elementor-element elementor-element-bc90d87 elementor-widget elementor-widget-heading\" data-id=\"bc90d87\" data-element_type=\"widget\" data-widget_type=\"heading.default\">\n\t\t\t\t<div class=\"elementor-widget-container\">\n\t\t\t<h2 class=\"elementor-heading-title elementor-size-default\">Contacter l'Atelier Pizza<\/h2>\t\t<\/div>\n\t\t\t\t<\/div>\n\t\t\t\t\t\t<\/div>\n\t\t\t\t\t<\/div>\n\t\t<\/div>\n\t\t\t\t\t\t\t\t<\/div>\n\t\t\t\t\t<\/div>\n\t\t<\/section>\n\t\t\t\t<section class=\"elementor-section elementor-top-section elementor-element elementor-element-930e746 elementor-section-boxed elementor-section-height-default elementor-section-height-default\" data-id=\"930e746\" data-element_type=\"section\">\n\t\t\t\t\t\t<div class=\"elementor-container elementor-column-gap-default\">\n\t\t\t\t\t\t\t<div class=\"elementor-row\">\n\t\t\t\t\t<div class=\"elementor-column elementor-col-50 elementor-top-column elementor-element elementor-element-e6c7902\" data-id=\"e6c7902\" data-element_type=\"column\">\n\t\t\t<div class=\"elementor-column-wrap elementor-element-populated\">\n\t\t\t\t\t\t\t<div class=\"elementor-widget-wrap\">\n\t\t\t\t\t\t<div class=\"elementor-element elementor-element-7e6fe15 elementor-widget elementor-widget-text-editor\" data-id=\"7e6fe15\" data-element_type=\"widget\" data-widget_type=\"text-editor.default\">\n\t\t\t\t<div class=\"elementor-widget-container\">\n\t\t\t\t\t<div class=\"elementor-text-editor elementor-clearfix\"><p style=\"text-align: center;\"><span style=\"color: #7ac524;\"><strong>T\u00e9l\u00e9phone :<\/strong><\/span><br>03.54.43.96.42<\/p>\n<p style=\"text-align: center;\"><span style=\"color: #7ac524;\"><strong>Horaires d&rsquo;ouverture :<\/strong><\/span><br>Du lundi au samedi<br>11h30 \u00e0 14h00<br>18h30 \u00e0 22h00<br>Ferm\u00e9 le mercredi, le dimanche et les jours f\u00e9ri\u00e9s.<\/p><\/div>\n\t\t\t\t<\/div>\n\t\t\t\t<\/div>\n\t\t\t\t<div class=\"elementor-element elementor-element-76ec179 elementor-widget elementor-widget-image\" data-id=\"76ec179\" data-element_type=\"widget\" data-widget_type=\"image.default\">\n\t\t\t\t<div class=\"elementor-widget-container\">\n\t\t\t\t\t<div class=\"elementor-image\">\n\t\t\t\t\t\t\t\t\t\t<img width=\"640\" height=\"360\" src=\"http:\/\/atelier-pizza.fr\/wp-content\/uploads\/2019\/12\/photo0-1024x576.jpg\" class=\"attachment-large size-large\" alt=\"\" loading=\"lazy\" srcset=\"http:\/\/atelier-pizza.fr\/wp-content\/uploads\/2019\/12\/photo0-1024x576.jpg 1024w, http:\/\/atelier-pizza.fr\/wp-content\/uploads\/2019\/12\/photo0-300x169.jpg 300w, http:\/\/atelier-pizza.fr\/wp-content\/uploads\/2019\/12\/photo0-768x432.jpg 768w, http:\/\/atelier-pizza.fr\/wp-content\/uploads\/2019\/12\/photo0-1536x864.jpg 1536w, http:\/\/atelier-pizza.fr\/wp-content\/uploads\/2019\/12\/photo0-1568x882.jpg 1568w, http:\/\/atelier-pizza.fr\/wp-content\/uploads\/2019\/12\/photo0.jpg 2016w\" sizes=\"(max-width: 640px) 100vw, 640px\" \/>\t\t\t\t\t\t\t\t\t\t\t<\/div>\n\t\t\t\t<\/div>\n\t\t\t\t<\/div>\n\t\t\t\t\t\t<\/div>\n\t\t\t\t\t<\/div>\n\t\t<\/div>\n\t\t\t\t<div class=\"elementor-column elementor-col-50 elementor-top-column elementor-element elementor-element-7015b70\" data-id=\"7015b70\" data-element_type=\"column\">\n\t\t\t<div class=\"elementor-column-wrap elementor-element-populated\">\n\t\t\t\t\t\t\t<div class=\"elementor-widget-wrap\">\n\t\t\t\t\t\t<div class=\"elementor-element elementor-element-f7940fd elementor-widget elementor-widget-google_maps\" data-id=\"f7940fd\" data-element_type=\"widget\" data-widget_type=\"google_maps.default\">\n\t\t\t\t<div class=\"elementor-widget-container\">\n\t\t\t<div class=\"elementor-custom-embed\"><iframe frameborder=\"0\" scrolling=\"no\" marginheight=\"0\" marginwidth=\"0\" src=\"https:\/\/maps.google.com\/maps?q=18%20Place%20des%20Vosges%2C%2088000%20%C3%89pinal&amp;t=m&amp;z=18&amp;output=embed&amp;iwloc=near\" title=\"18 Place des Vosges, 88000 \u00c9pinal\" aria-label=\"18 Place des Vosges, 88000 \u00c9pinal\"><\/iframe><\/div>\t\t<\/div>\n\t\t\t\t<\/div>\n\t\t\t\t\t\t<\/div>\n\t\t\t\t\t<\/div>\n\t\t<\/div>\n\t\t\t\t\t\t\t\t<\/div>\n\t\t\t\t\t<\/div>\n\t\t<\/section>\n\t\t\t\t\t\t<\/div>\n\t\t\t\t\t\t<\/div>\n\t\t\t\t\t<\/div>\n\t\t","protected":false},"excerpt":{"rendered":"<p>Contacter l&rsquo;Atelier Pizza T\u00e9l\u00e9phone :03.54.43.96.42 Horaires d&rsquo;ouverture :Du lundi au samedi11h30 \u00e0 14h0018h30 \u00e0 22h00Ferm\u00e9 le mercredi, le dimanche et les jours f\u00e9ri\u00e9s.<\/p>\n","protected":false},"author":1,"featured_media":0,"parent":0,"menu_order":0,"comment_status":"closed","ping_status":"closed","template":"elementor_header_footer","meta":[],"_links":{"self":[{"href":"http:\/\/atelier-pizza.fr\/index.php\/wp-json\/wp\/v2\/pages\/86"}],"collection":[{"href":"http:\/\/atelier-pizza.fr\/index.php\/wp-json\/wp\/v2\/pages"}],"about":[{"href":"http:\/\/atelier-pizza.fr\/index.php\/wp-json\/wp\/v2\/types\/page"}],"author":[{"embeddable":true,"href":"http:\/\/atelier-pizza.fr\/index.php\/wp-json\/wp\/v2\/users\/1"}],"replies":[{"embeddable":true,"href":"http:\/\/atelier-pizza.fr\/index.php\/wp-json\/wp\/v2\/comments?post=86"}],"version-history":[{"count":12,"href":"http:\/\/atelier-pizza.fr\/index.php\/wp-json\/wp\/v2\/pages\/86\/revisions"}],"predecessor-version":[{"id":174,"href":"http:\/\/atelier-pizza.fr\/index.php\/wp-json\/wp\/v2\/pages\/86\/revisions\/174"}],"wp:attachment":[{"href":"http:\/\/atelier-pizza.fr\/index.php\/wp-json\/wp\/v2\/media?parent=86"}],"curies":[{"name":"wp","href":"https:\/\/api.w.org\/{rel}","templated":true}]}}